ase 14, what is 53694a + -d6?
536854
In base 2, what is 11011 - 101101101010101000000001?
-101101101010100111100110
In base 9, what is -4 - 112510012?
-112510016
In base 7, what is -13 - -65630163?
65630150
In base 6, what is 1505 + 14504142?
14510051
In base 8, what is -5153665 - -35?
-5153630
In base 12, what is -3 + -5a0a4715?
-5a0a4718
In base 11, what is -4175946 + 2?
-4175944
In base 9, what is 2 - 3340736?
-3340734
In base 14, what is 5d3d - -10c8?
7027
In base 9, what is 3 - -20472022?
20472025
In base 6, what is -1213 - 541351?
-543004
In base 16, what is -356b + -31f?
-388a
In base 4, what is -3 + 2223222103?
2223222100
In base 3, what is 10212101200122 + 200?
10212101201022
In base 16, what is 62ea74 + -a?
62ea6a
In base 6, what is -1 + -21330225152?
-21330225153
In base 16, what is 3bb4 + -49?
3b6b
In base 12, what is 24b + -2905a?
-28a0b
In base 14, what is -d22 + 72b?
-5d5
In base 3, what is 1000000021 - 100210201?
122012120
In base 10, what is -189 + -63809?
-63998
In base 5, what is -3 - 12212213?
-12212221
In base 10, what is 18239 + -18?
18221
In base 7, what is -2240624 - 110?
-2241034
In base 10, what is -134265 + 25?
-134240
In base 16, what is 171187 + -7?
171180
In base 14, what is 21510 - 33b?
211b3
In base 6, what is -34500115 - 3?
-34500122
In base 8, what is 71404 + -1134?
70250
In base 14, what is 12ab011 - -13?
12ab024
In base 4, what is 123123031 - -20322?
123210013
In base 15, what is 1c41 + 2562?
42a3
In base 15, what is 115 - 66ce?
-65b9
In base 2, what is 10001001111001000110001110100 - 101?
10001001111001000110001101111
In base 6, what is -4202313031 - 12?
-4202313043
In base 2, what is 10001001001010101101 - -11000011?
10001001001101110000
In base 13, what is -13 - -9199788?
9199775
In base 8, what is -42 - 5012352?
-5012414
In base 14, what is -1a - 832bb?
-832d7
In base 2, what is -10111100 - 1000001011011001000?
-1000001011110000100
In base 7, what is 1 - 1343042035?
-1343042034
In base 11, what is -5 - -2276?
2271
In base 3, what is 2220111120121 + 10?
2220111120201
In base 11, what is -21 + -472757?
-472778
In base 3, what is 101002012011020210 + 1?
101002012011020211
In base 4, what is 12 + 112112212113?
112112212131
In base 4, what is 100013013 + -1020?
100011333
In base 11, what is 5 + 35305a4?
35305a9
In base 3, what is 200211012112 - 2211?
200211002201
In base 15, what is 3 + -9a1083?
-9a1080
In base 7, what is 50 - -15505212?
15505262
In base 16, what is 1da + -14983?
-147a9
In base 6, what is 210420035 - 335?
210415300
In base 14, what is -538845 - -1?
-538844
In base 9, what is 145205 + -864?
144231
In base 5, what is -111 - -333301323?
333301212
In base 14, what is -17 - 72d41?
-72d58
In base 2, what is 100000001010 + 100000000000000000?
100000100000001010
In base 7, what is -30144 + 3036?
-24105
In base 5, what is -22000 - -23401432?
23324432
In base 3, what is 2222001221101222 + -11?
2222001221101211
In base 5, what is 10323201 - 11?
10323140
In base 11, what is -147622 - -16?
-147607
In base 8, what is 43347 + -5546?
35601
In base 14, what is -3a94 + -18262?
-1bd16
In base 16, what is 3d - 3f09e?
-3f061
In base 8, what is 54707 - 13100?
41607
In base 15, what is 0 + -bdc17?
-bdc17
In base 11, what is 1239 + 11107?
12345
In base 5, what is 2442240322 + 30?
2442240402
In base 9, what is 0 - -507116?
507116
In base 9, what is -5 - 13382641?
-13382646
In base 7, what is -61 - 166654?
-200045
In base 8, what is 7 - 2144630?
-2144621
In base 12, what is b6b7a - -2a?
b6ba8
In base 14, what is -788 - 113?
-89b
In base 3, what is 10202222 + -102210?
10100012
In base 12, what is -3 - -2558401?
25583ba
In base 2, what is -1100010 - 100000110100110001?
-100000110110010011
In base 2, what is 1 + -110001010101111011100111?
-110001010101111011100110
In base 10, what is -1248297 - 0?
-1248297
In base 10, what is -2043 - 183218?
-185261
In base 14, what is 629 + 462d?
4c58
In base 8, what is -124424 - -12227?
-112175
In base 13, what is 310321 - -4?
310325
In base 4, what is 10333 + 1233120?
1310113
In base 16, what is 5 - 1cc483?
-1cc47e
In base 2, what is 10101110111 + -10011011001010000001?
-10011010110100001010
In base 8, what is -34 - -2072135?
2072101
In base 11, what is 3 + 1681857?
168185a
In base 4, what is -23 + 21210122121?
21210122032
In base 14, what is -bc9 + -ac21?
-ba0a
In base 9, what is -557557 - 1?
-557558
In base 15, what is d + 6582a?
65838
In base 13, what is 90c6 + 16?
910c
In base 5, what is 102321041411 - 10?
102321041401
In base 3, what is 220100 + 1020210001?
1021200101
In base 9, what is 6 - 138822343?
-138822336
In base 15, what is -2 + -455e39?
-455e3b
In base 10, what is 136087 - -8?
136095
In base 16, what is 5 + 65ccbf?
65ccc4
In base 16, what is 61 - c71ea2?
-c71e41
In base 6, what is -10 + -230521525?
-230521535
In base 6, what is 32213 + 11504335?
11540552
In base 15, what is b + 1ac31a?
1ac326
In base 16, what is -25e + 17f0?
1592
In base 3, what is -1 - 2010022112001111?
-2010022112001112
In base 13, what is -2 - 58b129?
-58b12b
In base 5, what is -101 + 1342233241?
1342233140
In base 10, what is 1849808 - 11?
1849797
In base 13, what is -22226a45 + -5?
-22226a4a
In base 10, what is -1389902 - -94?
-1389808
In base 6, what is -22413550451 + 2?
-22413550445
In base 7, what is 1 + -123651544?
-123651543
In base 8, what is -26430 - 4465?
-33115
In base 10, what is 559571 - -174?
559745
In base 2, what is 100001100011000000010 + -1001?
100001100010111111001
In base 14, what is -1c8d22 + -1?
-1c8d23
In base 6, what is 50 - -10440?
10530
In base 6, what is 5042 + 413450?
422532
In base 13, what is -763 - -195495?
194a32
In base 6, what is 1530 - 1153403?
-1151433
In base 14, what is 2bd6 - -5d9?
33d1
In base 7, what is -14333452 - 23?
-14333505
In base 15, what is 1165 + 7789?
88ee
In base 12, what is -516 - -a950?
a436
In base 2, what is -10011 + -111011010011110101110111?
-111011010011110110001010
In base 16, what is eb - -5563a?
55725
In base 15, what is -b589 - 126?
-b6b0
In base 14, what is 830 + -18564?
-17b34
In base 12, what is 7aa + 192550?
19313a
In base 7, what is -4 + -534355563?
-534355600
In base 9, what is 2787021604 - 2?
2787021602
In base 15, what is -4b315a + -2?
-4b315c
In base 3, what is 212102200222101 + 0?
212102200222101
In base 14, what is -4 + 41ccba?
41ccb6
In base 10, what is -17 + 513043?
513026
In base 11, what is -a59 + -30745?
-316a3
In base 13, what is bab831b + 3?
bab8321
In base 10, what is 96768357 + 4?
96768361
In base 11, what is -1073 - -5974?
4901
In base 6, what is 10450 - -1250201?
1301051
In base 11, what is 6aa83 - 120?
6a963
In base 6, what is 10 - -2245512125?
2245512135
In base 9, what is -303 - -80613?
80310
In base 12, what is -43 - 2b52?
-2b95
In base 2, what is -100101000100 - -11001010010111?
10100101010011
In base 16, what is -1f546 - 17?
-1f55d
In base 2, what is 111 - 10001101110111001101010001?
-10001101110111001101001010
In base 14, what is -2 + 2a07a15?
2a07a13
In base 3, what is 120 - 1200121011?
-1200120121
In base 2, what is -110110 + -1111100101111101000?
-1111100110000011110
In base 5, what is 413014331 - 1133?
413013143
In base 12, what is 0 - 13924310?
-13924310
In base 7, what is 0 + 445414512?
445414512
In base 9, what is 2736128 - -20?
2736148
In base 10, what is 479 + 1547290?
1547769
In base 14, what is -6146a9 + 1?
-6146a8
In base 8, what is -436 - 14704?
-15342
In base 14, what is -d - -507d57?
507d48
In base 15, what is -5 - c0d0a1?
-c0d0a6
In base 12, what is -301 - 6384b?
-63b50
In base 7, what is 122235 - 405?
121530
In base 4, what is -2211230101 - -1223?
-2211222212
In base 2, what is 10111011000010000000111 - 111?
10111011000010000000000
In base 7, what is -1201 - 254312?
-255513
In base 11, what is -34a - 13590?
-1392a
In base 15, what is 69 - -92a33?
92a9c
In base 5, what is 121001341 - 104?
121001232
In base 16, what is -245f2 - -a6?
-2454c
In base 4, what is -3123012 + -320331?
-10110003
In base 11, what is -1415 + -24a20?
-26335
In base 13, what is -2 + -118c8c67?
-118c8c69
In base 11, what is 142 - 32895?
-32753
In base 8, what is 354 + 23173?
23547
In base 2, what is 101111 + -1001110001100101101?
-1001110001011111110
In base 16, what is -192edfc4 + 3?
-192edfc1
In base 3, what is -2212 +